. Suppose 179 = 4*t + r - 266, -4*r = w*t - 212. Let o be (-387)/(-27) - 1/3. Calculate the greatest common divisor of o and t.
14
Suppose -4*p + 435 = -5*u, -2*u = -0*p + 3*p - 332. Let h be -3 + 29 + 2 - -3*1. Let o = -21 + h. What is the highest common divisor of o and p?
10
Suppose 0 = -z + 97 - 7. Let y be (-3)/6 + (-5)/10 - 5. Let t be (-4*y/16)/(3/20). What is the greatest common factor of z and t?
10
Let s be 16/104 - (-150)/39. Suppose -3*i - s*t - 60 + 702 = 0, -4*i = 2*t - 846. What is the highest common factor of i and 30?
30
Suppose -7*z + 10751 + 4117 = 52*z. Let y = 49 - 21. Calculate the greatest common factor of y and z.
28
Let l be 1*(-4)/(-18) - (-10)/(-45). Let g be (5 - (2 + 2))*(l - -102). Calculate the greatest common factor of g and 6.
6
Suppose 0*r - 3*z = 5*r - 210, 2*r + 3*z - 93 = 0. Let a be (2/6)/((-7)/(-126)). Let f be 392/32 - a/(-8). What is the greatest common divisor of f and r?
13
Suppose 30*r + 188 = 34*r. What is the greatest common divisor of r and 517?
47
Suppose 3*k + 72 = -3*b, -4*b + 28 - 144 = 5*k. Let q be (8/k)/(1/(-165)). Calculate the greatest common divisor of q and 99.
33
Let i be (12*(-5)/(-105) + (-376)/(-28))/1. What is the highest common divisor of i and 2387?
7
Suppose -9 = -3*t + 6*t, r - 27 = -t. Suppose -567 = 21*j - r*j. What is the highest common divisor of j and 12?
3
Let k = -5099 + 5691. Calculate the highest common divisor of 222 and k.
74
Suppose -9*o + 120 = -582. Calculate the highest common factor of o and 6.
6
Let g(a) = 51*a**2 + 15*a + 27. Let y be 7/(-2)*(-44)/(-77). Let x be g(y). Calculate the highest common divisor of 469 and x.
67
Let t be (-1)/(-5 + (-2071)/(-418)). What is the highest common factor of t and 385?
11
Suppose s = 10 - 7. Let a(l) = -7*l + 1 + 2*l**2 + 1 - s - 5. Let h be a(5). What is the highest common divisor of h and 45?
9
Let s be (-12 - (-2254)/9) + (-8)/18. Let o = s - 204. What is the highest common divisor of 136 and o?
34
Let p(i) = -i**2 + 4*i + 77. Let b be p(11). Suppose b = -y - 3*y + 104. Suppose 4*x - 45 = 7. What is the greatest common factor of x and y?
13
Let j(s) = -s**2 + 118*s + 3535. Let h be j(0). Calculate the greatest common factor of 7 and h.
7
Let i(n) = n**2 - 5*n. Let v be i(8). Let w = -37847 - -37856. Calculate the highest common divisor of w and v.
3
Let u = 52 - 24. Suppose 0 = 64*i - 68*i - 3*r + 243, 4*i = r + 255. What is the highest common factor of i and u?
7
Let r = 14527 + -14515. Suppose 0 = -3*h + 261 - 99. What is the highest common divisor of h and r?
6
Suppose 0 = -8*x + 6*x - 8. Let l(u) = -u**3 - 2*u**2 - u - 1. Let k be l(x). Let t be 28*(-1 - 6/(-4)). Calculate the greatest common factor of t and k.
7
Suppose 11*o + 5*p - 2819 = 4522, 2*p = 2*o - 1358. Calculate the greatest common divisor of 836 and o.
11
Let z = 133 - 52. Suppose 2*r = 3*h - 35, 74 - 13 = 5*h - 4*r. What is the greatest common factor of h and z?
9
Let m(b) = b**3 + 15*b**2 + 14*b - 4. Let i be m(-14). Let y be 140/(-21)*((-10)/i - 4). Calculate the greatest common factor of 18 and y.
2
Let g(y) = 11*y - 11. Let k be g(1). Suppose -12*w + 700 + 116 = k. What is the highest common divisor of 68 and w?
68
Let h(p) be the third derivative of p**4/12 - 11*p**3/3 + p**2. Let n = -496 + 508. Let t be h(n). Calculate the highest common divisor of t and 18.
2
Let c(v) = 2929*v - 234. Let g be c(2). Calculate the greatest common factor of g and 74.
74
Suppose -28*o - 21632 = -152*o - 45*o. Suppose 93 + 3 = i. What is the greatest common divisor of o and i?
32
Let g be (540/(-240) + 6/8)*-2*9. Calculate the highest common divisor of g and 59.
1
Let m = -23415 - -23426. What is the highest common divisor of m and 14333?
11
Let g = 4725 + -4396. Calculate the highest common divisor of g and 42.
7
Let l(z) = 51*z + 4977. Let y be l(-97). Calculate the greatest common divisor of y and 14175.
15
Suppose -102*p = -34*p - 14*p - 9396. Calculate the greatest common divisor of p and 54.
6
Let i(s) = -44*s + 345. Let o be i(6). Calculate the greatest common divisor of o and 2.
1
Let f(m) = 169*m**2 - m + 1. Let h be f(1). Suppose -3*g + 14 = -4. Suppose 32 = 2*v + g. Calculate the highest common factor of v and h.
13
Let n = 1247 - 1237. What is the highest common factor of n and 490?
10
Let h be 58/2 + (-2 - 3). Let a = -347 + 587. Calculate the highest common divisor of a and h.
24
Suppose -5*t + 1165 = -0*t. Let r = t - 72. Let n be 598/39*(-6)/(-4). What is the greatest common divisor of n and r?
23
Suppose 4*n = n + 6, 5*t - 3*n - 624 = 0. Let c = -58 + 70. Suppose -c*j + 5*j = -98. What is the greatest common factor of t and j?
14
Suppose -51499 = -40*p - 14059. Calculate the highest common divisor of p and 32.
8
Let g = 379 + 3338. Calculate the highest common factor of 27 and g.
9
Let o = 34 + -32. Let g(d) = 2*d + 6. Suppose 4*y = i - 3*i + 34, 3*y - 2*i = 22. Let z be g(y). What is the greatest common factor of z and o?
2
Let u(p) = 2*p**3 + 2*p**2 + 2*p - 2. Let q be u(2). Let s be (-6)/(-9)*-6 + -6. Let b be (5 + 231/(-15))*s. What is the greatest common factor of q and b?
26
Let g be 24/(-5)*(-75)/6. Suppose -38*t = -250 + 98. Let j be 1296/243*18/t. Calculate the greatest common factor of g and j.
12
Suppose 0 = -9*x + 12895 - 259. Calculate the greatest common factor of 162 and x.
54
Suppose 12 = -3*k, -238*j - 4*k = -234*j - 668. Calculate the highest common divisor of 551 and j.
19
Let a(f) = -2*f**3 + 63*f**2 - 25*f + 38. Let v be a(31). Let h(b) = -5*b**3 + 2*b**2 - 2*b - 2. Let d be h(-1). What is the greatest common factor of v and d?
7
Let j be (-7 + 2 - -4) + 16. Let s be (-6)/((-24)/(-20))*-1. Suppose 0 = -p - 3*p + 5*t + 110, s*p = -5*t + 160. What is the highest common factor of j and p?
15
Let g be 176*(9 + (-22)/4). What is the greatest common factor of 896 and g?
56
Suppose 0 = -39*h + 18*h - 14*h + 235865. What is the highest common factor of h and 46?
23
Let r(i) = -444*i**3 + 33*i**2 - 2*i - 3. Let q be r(-2). What is the greatest common divisor of 22 and q?
11
Suppose 73*x - 96000 = 43*x. Calculate the greatest common divisor of x and 10.
10
Suppose 2466 + 1717 = 5*k + 413. What is the highest common factor of k and 4698?
58
Suppose -5*a = -5*z + 7*z - 5, -2*a - 4 = 2*z. Suppose 1373 = 4*o - h, -a*o - 12*h + 1006 = -8*h. What is the highest common divisor of 38 and o?
38
Suppose -2*x + 7*l - 3*l + 8 = 0, 0 = x + l - 13. Calculate the greatest common factor of 3 and x.
1
Let i = -1054 + 1061. Let m = 29 + 20. Calculate the greatest common factor of m and i.
7
Let s be 1256/42 + 26/273. Suppose 5*t = s*t - 1175. Calculate the highest common divisor of t and 423.
47
Let u = -2893 - -3748. Calculate the highest common divisor of u and 45.
45
Let t = -159 - -164. Suppose 0 = -9*l + t*l + 336. Let b(j) = -j**2 - 9*j + 4. Let g be b(-8). What is the highest common divisor of l and g?
12
Suppose 370499 = 646*n - 106249. Calculate the highest common factor of 45 and n.
9
Let x(h) be the third derivative of h**5/30 + 13*h**4/24 - 37*h**3/6 - 9*h**2 - 3. Let v be x(-12). Calculate the greatest common divisor of v and 5.
5
Suppose 4*s + 56 = 4*n, -7*n + 2*n + 4*s + 74 = 0. Suppose -42 - n = -6*y. What is the greatest common factor of y and 130?
10
Suppose 0 = -3*u + 4*y + 428, -5*u + 5*y + 512 + 193 = 0. Calculate the highest common divisor of u and 17.
17
Let s(c) = 5*c**3 + 128*c**2 - 52*c + 5. Let h be s(-26). What is the highest common divisor of 457 and h?
1
Let k = -2523 - -5095. Calculate the highest common divisor of 4 and k.
4
Let p = 49 + -92. Let g = -19 - p. Let z(c) = 31*c**2 - 4. Let s be z(-2). What is the greatest common factor of s and g?
24
Let r = -162 - -164. Let w be 4 + -1 - r*102/(-4). What is the highest common factor of 6 and w?
6
Let n = 69 - 42. Let m = n - 48. Let y = 45 + m. Calculate the greatest common divisor of 48 and y.
24
Let j = 21 + 33. Let t be (-6 + 0)*2/(-3). Suppose t*s - 2*s - 72 = 0. What is the highest common divisor of s and j?
18
Suppose -3*n = -3*d + 3 - 9, -d = 3*n - 6. Let b = -3178 + 5642. Suppose b = -d*i + 11*i. What is the greatest common divisor of i and 28?
28
Let r(a) = a**3 - 78*a**2 + 90*a - 798. Let c be r(78). What is the greatest common divisor of 427 and c?
61
Let z = -4